{"id":1327,"date":"2024-06-17T12:23:37","date_gmt":"2024-06-17T10:23:37","guid":{"rendered":"https:\/\/www.farnostdl.sk\/?page_id=1327"},"modified":"2024-06-17T15:00:35","modified_gmt":"2024-06-17T13:00:35","slug":"lektori-2","status":"publish","type":"page","link":"https:\/\/www.farnostdl.sk\/?page_id=1327","title":{"rendered":"Lektori"},"content":{"rendered":"\t\t<div data-elementor-type=\"wp-page\" data-elementor-id=\"1327\" class=\"elementor elementor-1327\" data-elementor-post-type=\"page\">\n\t\t\t\t<div class=\"elementor-element elementor-element-1d57d1f e-flex e-con-boxed e-con e-parent\" data-id=\"1d57d1f\" data-element_type=\"container\">\n\t\t\t\t\t<div class=\"e-con-inner\">\n\t\t<div class=\"elementor-element elementor-element-2a93d20 e-con-full e-flex e-con e-child\" data-id=\"2a93d20\" data-element_type=\"container\">\n\t\t\t\t<div class=\"elementor-element elementor-element-647c6a4 elementor-widget elementor-widget-image\" data-id=\"647c6a4\" data-element_type=\"widget\" data-widget_type=\"image.default\">\n\t\t\t\t<div class=\"elementor-widget-container\">\n\t\t\t\t\t\t\t\t\t\t\t\t\t\t\t<img fetchpriority=\"high\" decoding=\"async\" width=\"800\" height=\"457\" src=\"https:\/\/www.farnostdl.sk\/wp-content\/uploads\/2024\/06\/Lektor-1024x585.jpg\" class=\"attachment-large size-large wp-image-1341\" alt=\"\" srcset=\"https:\/\/www.farnostdl.sk\/wp-content\/uploads\/2024\/06\/Lektor-1024x585.jpg 1024w, https:\/\/www.farnostdl.sk\/wp-content\/uploads\/2024\/06\/Lektor-300x171.jpg 300w, https:\/\/www.farnostdl.sk\/wp-content\/uploads\/2024\/06\/Lektor-768x439.jpg 768w, https:\/\/www.farnostdl.sk\/wp-content\/uploads\/2024\/06\/Lektor-1536x878.jpg 1536w, https:\/\/www.farnostdl.sk\/wp-content\/uploads\/2024\/06\/Lektor.jpg 1792w\" sizes=\"(max-width: 800px) 100vw, 800px\" \/>\t\t\t\t\t\t\t\t\t\t\t\t\t\t\t<\/div>\n\t\t\t\t<\/div>\n\t\t\t\t<\/div>\n\t\t<div class=\"elementor-element elementor-element-c76855e e-con-full e-flex e-con e-child\" data-id=\"c76855e\" data-element_type=\"container\">\n\t\t\t\t<div class=\"elementor-element elementor-element-3e339ba elementor-widget elementor-widget-text-editor\" data-id=\"3e339ba\" data-element_type=\"widget\" data-widget_type=\"text-editor.default\">\n\t\t\t\t<div class=\"elementor-widget-container\">\n\t\t\t\t\t\t\t\t\t<p>\u00a0<\/p><p>\u00a0 \u00a0 \u00a0 \u00a0 V Cirkvi s\u00fa r\u00f4zne slu\u017eby, ktor\u00fdmi\u00a0 m\u00f4\u017eeme by\u0165 u\u017eito\u010dn\u00ed vo farnosti. Azda medzi tie vidite\u013enej\u0161ie patr\u00ed aj slu\u017eba lektorov.<em>\u00a0<\/em><\/p><p><strong>Poz\u00fdvame v\u00e1s do slu\u017eby lektorov po\u010das cel\u00e9ho liturgick\u00e9ho roka. Po\u010das bohoslu\u017eieb lektori predn\u00e1\u0161aj\u00fa \u010d\u00edtania z Bo\u017eieho slova. Je to slu\u017eba cel\u00e9mu farsk\u00e9mu spolo\u010denstvu a \u010d\u00edtaj\u00facemu i po\u010d\u00favaj\u00facemu prin\u00e1\u0161a duchovn\u00fd osoh.<em>\u00a0<\/em><\/strong><\/p>\t\t\t\t\t\t\t\t<\/div>\n\t\t\t\t<\/div>\n\t\t\t\t<\/div>\n\t\t\t\t\t<\/div>\n\t\t\t\t<\/div>\n\t\t<div class=\"elementor-element elementor-element-62612d7 e-flex e-con-boxed e-con e-parent\" data-id=\"62612d7\" data-element_type=\"container\">\n\t\t\t\t\t<div class=\"e-con-inner\">\n\t\t<div class=\"elementor-element elementor-element-73e63d9 e-con-full e-flex e-con e-child\" data-id=\"73e63d9\" data-element_type=\"container\">\n\t\t\t\t<div class=\"elementor-element elementor-element-4e883e0 elementor-widget elementor-widget-text-editor\" data-id=\"4e883e0\" data-element_type=\"widget\" data-widget_type=\"text-editor.default\">\n\t\t\t\t<div class=\"elementor-widget-container\">\n\t\t\t\t\t\t\t\t\t<table width=\"432\"><tbody><tr><td><strong><em>Modlitba lektora\u00a0<\/em><\/strong><br \/>V\u0161emoh\u00faci Bo\u017ee, Ty si ma pozval do slu\u017eby lektora,<br \/>po\u017eehnaj ma, aby som zrete\u013ene predn\u00e1\u0161al slov\u00e1<br \/>Sv\u00e4t\u00e9ho P\u00edsma a svojim \u017eivotom sved\u010dil o tom,<br \/>\u010do \u00fastami predn\u00e1\u0161am.<br \/>Amen.<\/td><\/tr><\/tbody><\/table>\t\t\t\t\t\t\t\t<\/div>\n\t\t\t\t<\/div>\n\t\t\t\t<\/div>\n\t\t<div class=\"elementor-element elementor-element-a658716 e-con-full e-flex e-con e-child\" data-id=\"a658716\" data-element_type=\"container\">\n\t\t\t\t<div class=\"elementor-element elementor-element-28c99d9 elementor-widget elementor-widget-text-editor\" data-id=\"28c99d9\" data-element_type=\"widget\" data-widget_type=\"text-editor.default\">\n\t\t\t\t<div class=\"elementor-widget-container\">\n\t\t\t\t\t\t\t\t\t<h3>Tabu\u013eka lektorov pre farsk\u00fd kostol v Dunajsk\u00e9j Lu\u017enej <a href=\"https:\/\/docs.google.com\/spreadsheets\/d\/144iJMs6BzI8zpOQfeNtkoB7B9koaLhLFMh4U0rB8Qa4\/edit#gid=552401409\">TU<\/a>.\u00a0<\/h3>\t\t\t\t\t\t\t\t<\/div>\n\t\t\t\t<\/div>\n\t\t\t\t<\/div>\n\t\t\t\t\t<\/div>\n\t\t\t\t<\/div>\n\t\t\t\t<\/div>\n\t\t","protected":false},"excerpt":{"rendered":"<p>\u00a0 \u00a0 \u00a0 \u00a0 \u00a0 V Cirkvi s\u00fa r\u00f4zne slu\u017eby, ktor\u00fdmi\u00a0 m\u00f4\u017eeme by\u0165 u\u017eito\u010dn\u00ed vo farnosti. Azda medzi tie vidite\u013enej\u0161ie patr\u00ed aj slu\u017eba lektorov.\u00a0 Poz\u00fdvame v\u00e1s do slu\u017eby lektorov po\u010das cel\u00e9ho liturgick\u00e9ho roka. Po\u010das bohoslu\u017eieb lektori predn\u00e1\u0161aj\u00fa \u010d\u00edtania z Bo\u017eieho slova. Je to slu\u017eba cel\u00e9mu farsk\u00e9mu spolo\u010denstvu a \u010d\u00edtaj\u00facemu i po\u010d\u00favaj\u00facemu prin\u00e1\u0161a duchovn\u00fd osoh.\u00a0 Modlitba [&hellip;]<\/p>\n","protected":false},"author":1,"featured_media":0,"parent":0,"menu_order":0,"comment_status":"closed","ping_status":"closed","template":"","meta":{"_monsterinsights_skip_tracking":false,"_monsterinsights_sitenote_active":false,"_monsterinsights_sitenote_note":"","_monsterinsights_sitenote_category":0,"footnotes":""},"yoast_head":"<!-- This site is optimized with the Yoast SEO plugin v22.0 - https:\/\/yoast.com\/wordpress\/plugins\/seo\/ -->\n<title>Lektori - RKC Farnos\u0165 Dunajsk\u00e1 Lu\u017en\u00e1<\/title>\n<meta name=\"robots\" content=\"index, follow, max-snippet:-1, max-image-preview:large, max-video-preview:-1\" \/>\n<link rel=\"canonical\" href=\"https:\/\/www.farnostdl.sk\/?page_id=1327\" \/>\n<meta property=\"og:locale\" content=\"sk_SK\" \/>\n<meta property=\"og:type\" content=\"article\" \/>\n<meta property=\"og:title\" content=\"Lektori - RKC Farnos\u0165 Dunajsk\u00e1 Lu\u017en\u00e1\" \/>\n<meta property=\"og:description\" content=\"\u00a0 \u00a0 \u00a0 \u00a0 \u00a0 V Cirkvi s\u00fa r\u00f4zne slu\u017eby, ktor\u00fdmi\u00a0 m\u00f4\u017eeme by\u0165 u\u017eito\u010dn\u00ed vo farnosti. Azda medzi tie vidite\u013enej\u0161ie patr\u00ed aj slu\u017eba lektorov.\u00a0 Poz\u00fdvame v\u00e1s do slu\u017eby lektorov po\u010das cel\u00e9ho liturgick\u00e9ho roka. Po\u010das bohoslu\u017eieb lektori predn\u00e1\u0161aj\u00fa \u010d\u00edtania z Bo\u017eieho slova. Je to slu\u017eba cel\u00e9mu farsk\u00e9mu spolo\u010denstvu a \u010d\u00edtaj\u00facemu i po\u010d\u00favaj\u00facemu prin\u00e1\u0161a duchovn\u00fd osoh.\u00a0 Modlitba [&hellip;]\" \/>\n<meta property=\"og:url\" content=\"https:\/\/www.farnostdl.sk\/?page_id=1327\" \/>\n<meta property=\"og:site_name\" content=\"RKC Farnos\u0165 Dunajsk\u00e1 Lu\u017en\u00e1\" \/>\n<meta property=\"article:publisher\" content=\"https:\/\/www.facebook.com\/rkcfarnost.dunajskaluzna?ref=embed_page\" \/>\n<meta property=\"article:modified_time\" content=\"2024-06-17T13:00:35+00:00\" \/>\n<meta property=\"og:image\" content=\"https:\/\/www.farnostdl.sk\/wp-content\/uploads\/2024\/06\/Lektor-1024x585.jpg\" \/>\n<meta name=\"twitter:card\" content=\"summary_large_image\" \/>\n<meta name=\"twitter:label1\" content=\"Predpokladan\u00fd \u010das \u010d\u00edtania\" \/>\n\t<meta name=\"twitter:data1\" content=\"1 min\u00fata\" \/>\n<script type=\"application\/ld+json\" class=\"yoast-schema-graph\">{\"@context\":\"https:\/\/schema.org\",\"@graph\":[{\"@type\":\"WebPage\",\"@id\":\"https:\/\/www.farnostdl.sk\/?page_id=1327\",\"url\":\"https:\/\/www.farnostdl.sk\/?page_id=1327\",\"name\":\"Lektori - RKC Farnos\u0165 Dunajsk\u00e1 Lu\u017en\u00e1\",\"isPartOf\":{\"@id\":\"https:\/\/www.farnostdl.sk\/#website\"},\"datePublished\":\"2024-06-17T10:23:37+00:00\",\"dateModified\":\"2024-06-17T13:00:35+00:00\",\"inLanguage\":\"sk-SK\",\"potentialAction\":[{\"@type\":\"ReadAction\",\"target\":[\"https:\/\/www.farnostdl.sk\/?page_id=1327\"]}]},{\"@type\":\"WebSite\",\"@id\":\"https:\/\/www.farnostdl.sk\/#website\",\"url\":\"https:\/\/www.farnostdl.sk\/\",\"name\":\"Farnos\u0165 Dunajsk\u00e1 Lu\u017en\u00e1\",\"description\":\"RKC Farnos\u0165 Dunajsk\u00e1 Lu\u017en\u00e1\",\"publisher\":{\"@id\":\"https:\/\/www.farnostdl.sk\/#organization\"},\"alternateName\":\"farnostdl.sk\",\"potentialAction\":[{\"@type\":\"SearchAction\",\"target\":{\"@type\":\"EntryPoint\",\"urlTemplate\":\"https:\/\/www.farnostdl.sk\/?s={search_term_string}\"},\"query-input\":\"required name=search_term_string\"}],\"inLanguage\":\"sk-SK\"},{\"@type\":\"Organization\",\"@id\":\"https:\/\/www.farnostdl.sk\/#organization\",\"name\":\"Farnos\u0165 Dunajsk\u00e1 Lu\u017en\u00e1\",\"url\":\"https:\/\/www.farnostdl.sk\/\",\"logo\":{\"@type\":\"ImageObject\",\"inLanguage\":\"sk-SK\",\"@id\":\"https:\/\/www.farnostdl.sk\/#\/schema\/logo\/image\/\",\"url\":\"https:\/\/www.farnostdl.sk\/wp-content\/uploads\/2023\/10\/LOGO-HEADER.jpg\",\"contentUrl\":\"https:\/\/www.farnostdl.sk\/wp-content\/uploads\/2023\/10\/LOGO-HEADER.jpg\",\"width\":200,\"height\":227,\"caption\":\"Farnos\u0165 Dunajsk\u00e1 Lu\u017en\u00e1\"},\"image\":{\"@id\":\"https:\/\/www.farnostdl.sk\/#\/schema\/logo\/image\/\"},\"sameAs\":[\"https:\/\/www.facebook.com\/rkcfarnost.dunajskaluzna?ref=embed_page\"]}]}<\/script>\n<!-- \/ Yoast SEO plugin. -->","yoast_head_json":{"title":"Lektori - RKC Farnos\u0165 Dunajsk\u00e1 Lu\u017en\u00e1","robots":{"index":"index","follow":"follow","max-snippet":"max-snippet:-1","max-image-preview":"max-image-preview:large","max-video-preview":"max-video-preview:-1"},"canonical":"https:\/\/www.farnostdl.sk\/?page_id=1327","og_locale":"sk_SK","og_type":"article","og_title":"Lektori - RKC Farnos\u0165 Dunajsk\u00e1 Lu\u017en\u00e1","og_description":"\u00a0 \u00a0 \u00a0 \u00a0 \u00a0 V Cirkvi s\u00fa r\u00f4zne slu\u017eby, ktor\u00fdmi\u00a0 m\u00f4\u017eeme by\u0165 u\u017eito\u010dn\u00ed vo farnosti. Azda medzi tie vidite\u013enej\u0161ie patr\u00ed aj slu\u017eba lektorov.\u00a0 Poz\u00fdvame v\u00e1s do slu\u017eby lektorov po\u010das cel\u00e9ho liturgick\u00e9ho roka. Po\u010das bohoslu\u017eieb lektori predn\u00e1\u0161aj\u00fa \u010d\u00edtania z Bo\u017eieho slova. Je to slu\u017eba cel\u00e9mu farsk\u00e9mu spolo\u010denstvu a \u010d\u00edtaj\u00facemu i po\u010d\u00favaj\u00facemu prin\u00e1\u0161a duchovn\u00fd osoh.\u00a0 Modlitba [&hellip;]","og_url":"https:\/\/www.farnostdl.sk\/?page_id=1327","og_site_name":"RKC Farnos\u0165 Dunajsk\u00e1 Lu\u017en\u00e1","article_publisher":"https:\/\/www.facebook.com\/rkcfarnost.dunajskaluzna?ref=embed_page","article_modified_time":"2024-06-17T13:00:35+00:00","og_image":[{"url":"https:\/\/www.farnostdl.sk\/wp-content\/uploads\/2024\/06\/Lektor-1024x585.jpg"}],"twitter_card":"summary_large_image","twitter_misc":{"Predpokladan\u00fd \u010das \u010d\u00edtania":"1 min\u00fata"},"schema":{"@context":"https:\/\/schema.org","@graph":[{"@type":"WebPage","@id":"https:\/\/www.farnostdl.sk\/?page_id=1327","url":"https:\/\/www.farnostdl.sk\/?page_id=1327","name":"Lektori - RKC Farnos\u0165 Dunajsk\u00e1 Lu\u017en\u00e1","isPartOf":{"@id":"https:\/\/www.farnostdl.sk\/#website"},"datePublished":"2024-06-17T10:23:37+00:00","dateModified":"2024-06-17T13:00:35+00:00","inLanguage":"sk-SK","potentialAction":[{"@type":"ReadAction","target":["https:\/\/www.farnostdl.sk\/?page_id=1327"]}]},{"@type":"WebSite","@id":"https:\/\/www.farnostdl.sk\/#website","url":"https:\/\/www.farnostdl.sk\/","name":"Farnos\u0165 Dunajsk\u00e1 Lu\u017en\u00e1","description":"RKC Farnos\u0165 Dunajsk\u00e1 Lu\u017en\u00e1","publisher":{"@id":"https:\/\/www.farnostdl.sk\/#organization"},"alternateName":"farnostdl.sk","potentialAction":[{"@type":"SearchAction","target":{"@type":"EntryPoint","urlTemplate":"https:\/\/www.farnostdl.sk\/?s={search_term_string}"},"query-input":"required name=search_term_string"}],"inLanguage":"sk-SK"},{"@type":"Organization","@id":"https:\/\/www.farnostdl.sk\/#organization","name":"Farnos\u0165 Dunajsk\u00e1 Lu\u017en\u00e1","url":"https:\/\/www.farnostdl.sk\/","logo":{"@type":"ImageObject","inLanguage":"sk-SK","@id":"https:\/\/www.farnostdl.sk\/#\/schema\/logo\/image\/","url":"https:\/\/www.farnostdl.sk\/wp-content\/uploads\/2023\/10\/LOGO-HEADER.jpg","contentUrl":"https:\/\/www.farnostdl.sk\/wp-content\/uploads\/2023\/10\/LOGO-HEADER.jpg","width":200,"height":227,"caption":"Farnos\u0165 Dunajsk\u00e1 Lu\u017en\u00e1"},"image":{"@id":"https:\/\/www.farnostdl.sk\/#\/schema\/logo\/image\/"},"sameAs":["https:\/\/www.facebook.com\/rkcfarnost.dunajskaluzna?ref=embed_page"]}]}},"_links":{"self":[{"href":"https:\/\/www.farnostdl.sk\/index.php?rest_route=\/wp\/v2\/pages\/1327"}],"collection":[{"href":"https:\/\/www.farnostdl.sk\/index.php?rest_route=\/wp\/v2\/pages"}],"about":[{"href":"https:\/\/www.farnostdl.sk\/index.php?rest_route=\/wp\/v2\/types\/page"}],"author":[{"embeddable":true,"href":"https:\/\/www.farnostdl.sk\/index.php?rest_route=\/wp\/v2\/users\/1"}],"replies":[{"embeddable":true,"href":"https:\/\/www.farnostdl.sk\/index.php?rest_route=%2Fwp%2Fv2%2Fcomments&post=1327"}],"version-history":[{"count":6,"href":"https:\/\/www.farnostdl.sk\/index.php?rest_route=\/wp\/v2\/pages\/1327\/revisions"}],"predecessor-version":[{"id":1356,"href":"https:\/\/www.farnostdl.sk\/index.php?rest_route=\/wp\/v2\/pages\/1327\/revisions\/1356"}],"wp:attachment":[{"href":"https:\/\/www.farnostdl.sk\/index.php?rest_route=%2Fwp%2Fv2%2Fmedia&parent=1327"}],"curies":[{"name":"wp","href":"https:\/\/api.w.org\/{rel}","templated":true}]}}